{"id":1046,"date":"2023-03-30T14:05:06","date_gmt":"2023-03-30T12:05:06","guid":{"rendered":"https:\/\/lrss.ch\/Savoirs\/sport-exercise-and-disabilities\/"},"modified":"2023-06-07T22:31:34","modified_gmt":"2023-06-07T20:31:34","slug":"sport-exercise-and-disabilities","status":"publish","type":"lrss-knowledge","link":"https:\/\/lrss.ch\/en\/knowledges\/sport-exercise-and-disabilities\/","title":{"rendered":"Sport, exercise and&#8230; disabilities"},"content":{"rendered":"<p>Presentation of PlusSport, the Swiss Paraplegics Association and Special Olympics Switzerland \u2013 Nicolas MANI, Sophie GNAEGI, Gabriel CURRAT Resumption of physical activity and sport after amputation \u2013 Fran\u00e7ois L\u00dcTHI The reality and challenges of an athlete who aims to qualify for the Tokyo 2021 Paralympic Games \u2013 Sofia GONZALEZ Spinal cord injury and exercise: the&#8230;<\/p>\n \t\t<div class=\"woocommerce\">\n\t\t\t<div class=\"woocommerce-info wc-memberships-restriction-message wc-memberships-message wc-memberships-content-restricted-message\">\n\t\t\t\tPour acc\u00e9der \u00e0 ce contenu, vous devez acheter <span class=\"wc-memberships-products-grant-access\"><a href=\"https:\/\/lrss.ch\/produit\/membre-individuel\/\">Membre individuel<\/a> or <a href=\"https:\/\/lrss.ch\/produit\/membre-etudiant\/\">Membre \u00e9tudiant<\/a><\/span>.\t\t    <\/div>\n\t\t<\/div>\n\t\t","protected":false},"author":8,"featured_media":986,"menu_order":3,"template":"","class_list":["post-1046","lrss-knowledge","type-lrss-knowledge","status-publish","has-post-thumbnail","hentry","lrss-knowledge-category-neurology","lrss-knowledge-category-paralympic","lrss-knowledge-category-symposium-en","membership-content","access-restricted"],"acf":[],"yoast_head":"<!-- This site is optimized with the Yoast SEO plugin v27.5 - https:\/\/yoast.com\/product\/yoast-seo-wordpress\/ -->\n<title>Sport, exercise and... disabilities | Le R\u00e9seau Sant\u00e9 &amp; Sport<\/title>\n<meta name=\"robots\" content=\"index, follow, max-snippet:-1, max-image-preview:large, max-video-preview:-1\" \/>\n<link rel=\"canonical\" href=\"https:\/\/lrss.ch\/en\/knowledges\/sport-exercise-and-disabilities\/\" \/>\n<meta property=\"og:locale\" content=\"en_US\" \/>\n<meta property=\"og:type\" content=\"article\" \/>\n<meta property=\"og:title\" content=\"Sport, exercise and... disabilities | Le R\u00e9seau Sant\u00e9 &amp; Sport\" \/>\n<meta property=\"og:description\" content=\"Presentation of PlusSport, the Swiss Paraplegics Association and Special Olympics Switzerland \u2013 Nicolas MANI, Sophie GNAEGI, Gabriel CURRAT Resumption of physical activity and sport after amputation \u2013 Fran\u00e7ois L\u00dcTHI The reality and challenges of an athlete who aims to qualify for the Tokyo 2021 Paralympic...\" \/>\n<meta property=\"og:url\" content=\"https:\/\/lrss.ch\/en\/knowledges\/sport-exercise-and-disabilities\/\" \/>\n<meta property=\"og:site_name\" content=\"Le R\u00e9seau Sant\u00e9 &amp; Sport\" \/>\n<meta property=\"article:modified_time\" content=\"2023-06-07T20:31:34+00:00\" \/>\n<meta property=\"og:image\" content=\"https:\/\/lrss.ch\/wp-content\/uploads\/2023\/03\/FLYER-RRMES-24.09.21.V6.png\" \/>\n\t<meta property=\"og:image:width\" content=\"720\" \/>\n\t<meta property=\"og:image:height\" content=\"960\" \/>\n\t<meta property=\"og:image:type\" content=\"image\/png\" \/>\n<meta name=\"twitter:card\" content=\"summary_large_image\" \/>\n<meta name=\"twitter:site\" content=\"@RRMESport\" \/>\n<meta name=\"twitter:label1\" content=\"Est. reading time\" \/>\n\t<meta name=\"twitter:data1\" content=\"1 minute\" \/>\n<script type=\"application\/ld+json\" class=\"yoast-schema-graph\">{\"@context\":\"https:\\\/\\\/schema.org\",\"@graph\":[{\"@type\":\"WebPage\",\"@id\":\"https:\\\/\\\/lrss.ch\\\/en\\\/knowledges\\\/sport-exercise-and-disabilities\\\/\",\"url\":\"https:\\\/\\\/lrss.ch\\\/en\\\/knowledges\\\/sport-exercise-and-disabilities\\\/\",\"name\":\"Sport, exercise and... disabilities | Le R\u00e9seau Sant\u00e9 &amp; Sport\",\"isPartOf\":{\"@id\":\"https:\\\/\\\/lrss.ch\\\/en\\\/#website\"},\"primaryImageOfPage\":{\"@id\":\"https:\\\/\\\/lrss.ch\\\/en\\\/knowledges\\\/sport-exercise-and-disabilities\\\/#primaryimage\"},\"image\":{\"@id\":\"https:\\\/\\\/lrss.ch\\\/en\\\/knowledges\\\/sport-exercise-and-disabilities\\\/#primaryimage\"},\"thumbnailUrl\":\"https:\\\/\\\/lrss.ch\\\/wp-content\\\/uploads\\\/2023\\\/03\\\/FLYER-RRMES-24.09.21.V6.png\",\"datePublished\":\"2023-03-30T12:05:06+00:00\",\"dateModified\":\"2023-06-07T20:31:34+00:00\",\"breadcrumb\":{\"@id\":\"https:\\\/\\\/lrss.ch\\\/en\\\/knowledges\\\/sport-exercise-and-disabilities\\\/#breadcrumb\"},\"inLanguage\":\"en-US\",\"potentialAction\":[{\"@type\":\"ReadAction\",\"target\":[\"https:\\\/\\\/lrss.ch\\\/en\\\/knowledges\\\/sport-exercise-and-disabilities\\\/\"]}]},{\"@type\":\"ImageObject\",\"inLanguage\":\"en-US\",\"@id\":\"https:\\\/\\\/lrss.ch\\\/en\\\/knowledges\\\/sport-exercise-and-disabilities\\\/#primaryimage\",\"url\":\"https:\\\/\\\/lrss.ch\\\/wp-content\\\/uploads\\\/2023\\\/03\\\/FLYER-RRMES-24.09.21.V6.png\",\"contentUrl\":\"https:\\\/\\\/lrss.ch\\\/wp-content\\\/uploads\\\/2023\\\/03\\\/FLYER-RRMES-24.09.21.V6.png\",\"width\":720,\"height\":960},{\"@type\":\"BreadcrumbList\",\"@id\":\"https:\\\/\\\/lrss.ch\\\/en\\\/knowledges\\\/sport-exercise-and-disabilities\\\/#breadcrumb\",\"itemListElement\":[{\"@type\":\"ListItem\",\"position\":1,\"name\":\"Accueil\",\"item\":\"https:\\\/\\\/lrss.ch\\\/en\\\/the-health-and-sport-network\\\/\"},{\"@type\":\"ListItem\",\"position\":2,\"name\":\"Savoirs\",\"item\":\"https:\\\/\\\/lrss.ch\\\/en\\\/knowledges\\\/\"},{\"@type\":\"ListItem\",\"position\":3,\"name\":\"Sport, exercise and&#8230; disabilities\"}]},{\"@type\":\"WebSite\",\"@id\":\"https:\\\/\\\/lrss.ch\\\/en\\\/#website\",\"url\":\"https:\\\/\\\/lrss.ch\\\/en\\\/\",\"name\":\"Le R\u00e9seau Sant\u00e9 & Sport\",\"description\":\"Du Mouvement \u00e0 la Performance\",\"publisher\":{\"@id\":\"https:\\\/\\\/lrss.ch\\\/en\\\/#organization\"},\"alternateName\":\"LRSS\",\"potentialAction\":[{\"@type\":\"SearchAction\",\"target\":{\"@type\":\"EntryPoint\",\"urlTemplate\":\"https:\\\/\\\/lrss.ch\\\/en\\\/?s={search_term_string}\"},\"query-input\":{\"@type\":\"PropertyValueSpecification\",\"valueRequired\":true,\"valueName\":\"search_term_string\"}}],\"inLanguage\":\"en-US\"},{\"@type\":\"Organization\",\"@id\":\"https:\\\/\\\/lrss.ch\\\/en\\\/#organization\",\"name\":\"Le R\u00e9seau Sant\u00e9 & Sport\",\"alternateName\":\"LRSS\",\"url\":\"https:\\\/\\\/lrss.ch\\\/en\\\/\",\"logo\":{\"@type\":\"ImageObject\",\"inLanguage\":\"en-US\",\"@id\":\"https:\\\/\\\/lrss.ch\\\/en\\\/#\\\/schema\\\/logo\\\/image\\\/\",\"url\":\"https:\\\/\\\/lrss.ch\\\/wp-content\\\/uploads\\\/2022\\\/10\\\/Logo_LeReseau_Tagline.svg\",\"contentUrl\":\"https:\\\/\\\/lrss.ch\\\/wp-content\\\/uploads\\\/2022\\\/10\\\/Logo_LeReseau_Tagline.svg\",\"width\":895,\"height\":272,\"caption\":\"Le R\u00e9seau Sant\u00e9 & Sport\"},\"image\":{\"@id\":\"https:\\\/\\\/lrss.ch\\\/en\\\/#\\\/schema\\\/logo\\\/image\\\/\"},\"sameAs\":[\"https:\\\/\\\/x.com\\\/RRMESport\",\"https:\\\/\\\/www.instagram.com\\\/lereseau_ch\\\/\"]}]}<\/script>\n<!-- \/ Yoast SEO plugin. -->","yoast_head_json":{"title":"Sport, exercise and... disabilities | Le R\u00e9seau Sant\u00e9 &amp; Sport","robots":{"index":"index","follow":"follow","max-snippet":"max-snippet:-1","max-image-preview":"max-image-preview:large","max-video-preview":"max-video-preview:-1"},"canonical":"https:\/\/lrss.ch\/en\/knowledges\/sport-exercise-and-disabilities\/","og_locale":"en_US","og_type":"article","og_title":"Sport, exercise and... disabilities | Le R\u00e9seau Sant\u00e9 &amp; Sport","og_description":"Presentation of PlusSport, the Swiss Paraplegics Association and Special Olympics Switzerland \u2013 Nicolas MANI, Sophie GNAEGI, Gabriel CURRAT Resumption of physical activity and sport after amputation \u2013 Fran\u00e7ois L\u00dcTHI The reality and challenges of an athlete who aims to qualify for the Tokyo 2021 Paralympic...","og_url":"https:\/\/lrss.ch\/en\/knowledges\/sport-exercise-and-disabilities\/","og_site_name":"Le R\u00e9seau Sant\u00e9 &amp; Sport","article_modified_time":"2023-06-07T20:31:34+00:00","og_image":[{"width":720,"height":960,"url":"https:\/\/lrss.ch\/wp-content\/uploads\/2023\/03\/FLYER-RRMES-24.09.21.V6.png","type":"image\/png"}],"twitter_card":"summary_large_image","twitter_site":"@RRMESport","twitter_misc":{"Est. reading time":"1 minute"},"schema":{"@context":"https:\/\/schema.org","@graph":[{"@type":"WebPage","@id":"https:\/\/lrss.ch\/en\/knowledges\/sport-exercise-and-disabilities\/","url":"https:\/\/lrss.ch\/en\/knowledges\/sport-exercise-and-disabilities\/","name":"Sport, exercise and... disabilities | Le R\u00e9seau Sant\u00e9 &amp; Sport","isPartOf":{"@id":"https:\/\/lrss.ch\/en\/#website"},"primaryImageOfPage":{"@id":"https:\/\/lrss.ch\/en\/knowledges\/sport-exercise-and-disabilities\/#primaryimage"},"image":{"@id":"https:\/\/lrss.ch\/en\/knowledges\/sport-exercise-and-disabilities\/#primaryimage"},"thumbnailUrl":"https:\/\/lrss.ch\/wp-content\/uploads\/2023\/03\/FLYER-RRMES-24.09.21.V6.png","datePublished":"2023-03-30T12:05:06+00:00","dateModified":"2023-06-07T20:31:34+00:00","breadcrumb":{"@id":"https:\/\/lrss.ch\/en\/knowledges\/sport-exercise-and-disabilities\/#breadcrumb"},"inLanguage":"en-US","potentialAction":[{"@type":"ReadAction","target":["https:\/\/lrss.ch\/en\/knowledges\/sport-exercise-and-disabilities\/"]}]},{"@type":"ImageObject","inLanguage":"en-US","@id":"https:\/\/lrss.ch\/en\/knowledges\/sport-exercise-and-disabilities\/#primaryimage","url":"https:\/\/lrss.ch\/wp-content\/uploads\/2023\/03\/FLYER-RRMES-24.09.21.V6.png","contentUrl":"https:\/\/lrss.ch\/wp-content\/uploads\/2023\/03\/FLYER-RRMES-24.09.21.V6.png","width":720,"height":960},{"@type":"BreadcrumbList","@id":"https:\/\/lrss.ch\/en\/knowledges\/sport-exercise-and-disabilities\/#breadcrumb","itemListElement":[{"@type":"ListItem","position":1,"name":"Accueil","item":"https:\/\/lrss.ch\/en\/the-health-and-sport-network\/"},{"@type":"ListItem","position":2,"name":"Savoirs","item":"https:\/\/lrss.ch\/en\/knowledges\/"},{"@type":"ListItem","position":3,"name":"Sport, exercise and&#8230; disabilities"}]},{"@type":"WebSite","@id":"https:\/\/lrss.ch\/en\/#website","url":"https:\/\/lrss.ch\/en\/","name":"Le R\u00e9seau Sant\u00e9 & Sport","description":"Du Mouvement \u00e0 la Performance","publisher":{"@id":"https:\/\/lrss.ch\/en\/#organization"},"alternateName":"LRSS","potentialAction":[{"@type":"SearchAction","target":{"@type":"EntryPoint","urlTemplate":"https:\/\/lrss.ch\/en\/?s={search_term_string}"},"query-input":{"@type":"PropertyValueSpecification","valueRequired":true,"valueName":"search_term_string"}}],"inLanguage":"en-US"},{"@type":"Organization","@id":"https:\/\/lrss.ch\/en\/#organization","name":"Le R\u00e9seau Sant\u00e9 & Sport","alternateName":"LRSS","url":"https:\/\/lrss.ch\/en\/","logo":{"@type":"ImageObject","inLanguage":"en-US","@id":"https:\/\/lrss.ch\/en\/#\/schema\/logo\/image\/","url":"https:\/\/lrss.ch\/wp-content\/uploads\/2022\/10\/Logo_LeReseau_Tagline.svg","contentUrl":"https:\/\/lrss.ch\/wp-content\/uploads\/2022\/10\/Logo_LeReseau_Tagline.svg","width":895,"height":272,"caption":"Le R\u00e9seau Sant\u00e9 & Sport"},"image":{"@id":"https:\/\/lrss.ch\/en\/#\/schema\/logo\/image\/"},"sameAs":["https:\/\/x.com\/RRMESport","https:\/\/www.instagram.com\/lereseau_ch\/"]}]}},"_links":{"self":[{"href":"https:\/\/lrss.ch\/en\/wp-json\/wp\/v2\/lrss-knowledge\/1046","targetHints":{"allow":["GET"]}}],"collection":[{"href":"https:\/\/lrss.ch\/en\/wp-json\/wp\/v2\/lrss-knowledge"}],"about":[{"href":"https:\/\/lrss.ch\/en\/wp-json\/wp\/v2\/types\/lrss-knowledge"}],"author":[{"embeddable":true,"href":"https:\/\/lrss.ch\/en\/wp-json\/wp\/v2\/users\/8"}],"wp:featuredmedia":[{"embeddable":true,"href":"https:\/\/lrss.ch\/en\/wp-json\/wp\/v2\/media\/986"}],"wp:attachment":[{"href":"https:\/\/lrss.ch\/en\/wp-json\/wp\/v2\/media?parent=1046"}],"curies":[{"name":"wp","href":"https:\/\/api.w.org\/{rel}","templated":true}]}}

<p>Presentation of PlusSport, the Swiss Paraplegics Association and Special Olympics Switzerland – Nicolas MANI, Sophie GNAEGI, Gabriel CURRAT Resumption of physical activity and sport after amputation – François LÜTHI The reality and challenges of an athlete who aims to qualify for the Tokyo 2021 Paralympic Games – Sofia GONZALEZ Spinal cord injury and exercise: the&#8230;</p>
 		<div class="woocommerce">
			<div class="woocommerce-info wc-memberships-restriction-message wc-memberships-message wc-memberships-content-restricted-message">
				Pour accéder à ce contenu, vous devez acheter <span class="wc-memberships-products-grant-access"><a href="https://lrss.ch/produit/membre-individuel/">Membre individuel</a> or <a href="https://lrss.ch/produit/membre-etudiant/">Membre étudiant</a></span>.		    </div>
		</div>

<!-- This site is optimized with the Yoast SEO plugin v27.5 - https://yoast.com/product/yoast-seo-wordpress/ -->
<title>Sport, exercise and... disabilities | Le Réseau Santé &amp; Sport</title>
<meta name="robots" content="index, follow, max-snippet:-1, max-image-preview:large, max-video-preview:-1" />
<link rel="canonical" href="https://lrss.ch/en/knowledges/sport-exercise-and-disabilities/" />
<meta property="og:locale" content="en_US" />
<meta property="og:type" content="article" />
<meta property="og:title" content="Sport, exercise and... disabilities | Le Réseau Santé &amp; Sport" />
<meta property="og:description" content="Presentation of PlusSport, the Swiss Paraplegics Association and Special Olympics Switzerland – Nicolas MANI, Sophie GNAEGI, Gabriel CURRAT Resumption of physical activity and sport after amputation – François LÜTHI The reality and challenges of an athlete who aims to qualify for the Tokyo 2021 Paralympic..." />
<meta property="og:url" content="https://lrss.ch/en/knowledges/sport-exercise-and-disabilities/" />
<meta property="og:site_name" content="Le Réseau Santé &amp; Sport" />
<meta property="article:modified_time" content="2023-06-07T20:31:34+00:00" />
<meta property="og:image" content="https://lrss.ch/wp-content/uploads/2023/03/FLYER-RRMES-24.09.21.V6.png" />
	<meta property="og:image:width" content="720" />
	<meta property="og:image:height" content="960" />
	<meta property="og:image:type" content="image/png" />
<meta name="twitter:card" content="summary_large_image" />
<meta name="twitter:site" content="@RRMESport" />
<meta name="twitter:label1" content="Est. reading time" />
	<meta name="twitter:data1" content="1 minute" />
<script type="application/ld+json" class="yoast-schema-graph">{"@context":"https:\/\/schema.org","@graph":[{"@type":"WebPage","@id":"https:\/\/lrss.ch\/en\/knowledges\/sport-exercise-and-disabilities\/","url":"https:\/\/lrss.ch\/en\/knowledges\/sport-exercise-and-disabilities\/","name":"Sport, exercise and... disabilities | Le Réseau Santé &amp; Sport","isPartOf":{"@id":"https:\/\/lrss.ch\/en\/#website"},"primaryImageOfPage":{"@id":"https:\/\/lrss.ch\/en\/knowledges\/sport-exercise-and-disabilities\/#primaryimage"},"image":{"@id":"https:\/\/lrss.ch\/en\/knowledges\/sport-exercise-and-disabilities\/#primaryimage"},"thumbnailUrl":"https:\/\/lrss.ch\/wp-content\/uploads\/2023\/03\/FLYER-RRMES-24.09.21.V6.png","datePublished":"2023-03-30T12:05:06+00:00","dateModified":"2023-06-07T20:31:34+00:00","breadcrumb":{"@id":"https:\/\/lrss.ch\/en\/knowledges\/sport-exercise-and-disabilities\/#breadcrumb"},"inLanguage":"en-US","potentialAction":[{"@type":"ReadAction","target":["https:\/\/lrss.ch\/en\/knowledges\/sport-exercise-and-disabilities\/"]}]},{"@type":"ImageObject","inLanguage":"en-US","@id":"https:\/\/lrss.ch\/en\/knowledges\/sport-exercise-and-disabilities\/#primaryimage","url":"https:\/\/lrss.ch\/wp-content\/uploads\/2023\/03\/FLYER-RRMES-24.09.21.V6.png","contentUrl":"https:\/\/lrss.ch\/wp-content\/uploads\/2023\/03\/FLYER-RRMES-24.09.21.V6.png","width":720,"height":960},{"@type":"BreadcrumbList","@id":"https:\/\/lrss.ch\/en\/knowledges\/sport-exercise-and-disabilities\/#breadcrumb","itemListElement":[{"@type":"ListItem","position":1,"name":"Accueil","item":"https:\/\/lrss.ch\/en\/the-health-and-sport-network\/"},{"@type":"ListItem","position":2,"name":"Savoirs","item":"https:\/\/lrss.ch\/en\/knowledges\/"},{"@type":"ListItem","position":3,"name":"Sport, exercise and&#8230; disabilities"}]},{"@type":"WebSite","@id":"https:\/\/lrss.ch\/en\/#website","url":"https:\/\/lrss.ch\/en\/","name":"Le Réseau Santé & Sport","description":"Du Mouvement à la Performance","publisher":{"@id":"https:\/\/lrss.ch\/en\/#organization"},"alternateName":"LRSS","potentialAction":[{"@type":"SearchAction","target":{"@type":"EntryPoint","urlTemplate":"https:\/\/lrss.ch\/en\/?s={search_term_string}"},"query-input":{"@type":"PropertyValueSpecification","valueRequired":true,"valueName":"search_term_string"}}],"inLanguage":"en-US"},{"@type":"Organization","@id":"https:\/\/lrss.ch\/en\/#organization","name":"Le Réseau Santé & Sport","alternateName":"LRSS","url":"https:\/\/lrss.ch\/en\/","logo":{"@type":"ImageObject","inLanguage":"en-US","@id":"https:\/\/lrss.ch\/en\/#\/schema\/logo\/image\/","url":"https:\/\/lrss.ch\/wp-content\/uploads\/2022\/10\/Logo_LeReseau_Tagline.svg","contentUrl":"https:\/\/lrss.ch\/wp-content\/uploads\/2022\/10\/Logo_LeReseau_Tagline.svg","width":895,"height":272,"caption":"Le Réseau Santé & Sport"},"image":{"@id":"https:\/\/lrss.ch\/en\/#\/schema\/logo\/image\/"},"sameAs":["https:\/\/x.com\/RRMESport","https:\/\/www.instagram.com\/lereseau_ch\/"]}]}</script>
<!-- / Yoast SEO plugin. -->

Sport, exercise and... disabilities | Le Réseau Santé &amp; Sport

Presentation of PlusSport, the Swiss Paraplegics Association and Special Olympics Switzerland – Nicolas MANI, Sophie GNAEGI, Gabriel CURRAT Resumption of physical activity and sport after amputation – François LÜTHI The reality and challenges of an athlete who aims to qualify for the Tokyo 2021 Paralympic...

Le Réseau Santé &amp; Sport

Le Réseau Santé & Sport

Du Mouvement à la Performance
